 o?
4
Let y(i) = i + 4. Let r be y(-3). Let l = r + 5. What is the units digit of 28/6 + 2/l?
5
Suppose -5*h + 0*r - 4*r = -465, -h + 69 = -4*r. Let l = h + -52. Suppose -8 = -5*z + l. What is the units digit of z?
9
Let s(h) = -3*h**3 - h**2 - 2*h - 6. Let t be s(5). What is the units digit of t/(-24) + (-2)/(-3)?
8
What is the tens digit of (-8)/6 - 20723/(-69)?
9
Suppose -9*n = -13*n - 92. Let w = -20 + 28. What is the units digit of n/(-2) + 4/w?
2
Let y be -60 + 2*8/4. Let l = y + 80. What is the tens digit of l?
2
What is the tens digit of 129/6 - (-3 + 21/6)?
2
Let m = 1 - 0. Let n be 4 + 2*1/2. Let u = m + n. What is the units digit of u?
6
Let w(a) = -a**3 + 4*a**2 + 6*a. Let p be w(5). Suppose 4*t + 2*f - 4 = 2*t, -22 = -3*t + p*f. What is the units digit of t?
4
Let w(c) = -c**3 - 4*c**2 + 3*c + 6. Let r be w(-5). Let z = r - 5. Let p = z - 8. What is the units digit of p?
3
Let v be (-2 - -4) + (1 - 1). Suppose 2 + v = -4*p. What is the units digit of 1*((-4)/(-2) + p)?
1
Suppose 9*k + 0*k - 738 = 0. What is the tens digit of k?
8
Let c(z) = -3*z**2 - 5*z + 3. Let o(m) = 2*m**2 + 4*m - 2. Let r(x) = 3*c(x) + 4*o(x). Let l be r(-1). What is the units digit of 2 - (2 - l/(-1))?
1
Let r(j) = j**2 + 3*j - 3. Let g be r(-5). Let l(a) = 2*a - 8. What is the units digit of l(g)?
6
Let l(r) = 2*r**2 + 2*r - 7. What is the units digit of l(-6)?
3
Let s = 9 - 5. Let b = s + -1. Suppose b*y = -0*y + 27. What is the units digit of y?
9
Suppose 8*r = 3*r. Suppose i - 3*a + 8 = 0, 3*i - 15 = -3*a - a. Suppose l - i + r = 0. What is the units digit of l?
1
What is the hundreds digit of 2/(-3)*(-1458)/4?
2
Let o = 2 + 0. Let a = o - 1. What is the units digit of a?
1
Let n(j) be the first derivative of -j**3/3 - 2*j**2 - 3*j + 2. Let y be n(-3). Suppose c + 16 = f, f = -y*f + 4*c + 31. What is the tens digit of f?
1
Suppose 4*r = 171 + 137. Suppose -r = -3*s + w, 0 = s - 5*s - w + 98. What is the units digit of s?
5
Suppose 36 - 180 = -3*l. What is the units digit of l?
8
Let s(u) be the third derivative of u**5/20 - u**3/3 + 6*u**2. Suppose t - 6 = 3*p - 2*p, 0 = -5*p - t - 6. What is the units digit of s(p)?
0
Let k(b) be the second derivative of -7*b**5/10 - b**4/6 - b**3/3 - b**2/2 + b. Let i be k(-1). What is the units digit of 2*(-4)/((-8)/i)?
3
Suppose -3 = -5*o + 2*f + 4, -4*o + 3*f = 0. Suppose 8*x + 4*g = o*x + 40, -3*x - 5*g + 11 = 0. What is the units digit of x?
2
Let a(j) = j**3 + 3*j**2 - 5*j - 7. What is the tens digit of a(3)?
3
Let s(h) = 2*h**2 + 2*h - 1. Let a be s(2). Let i = a - 7. What is the units digit of i?
4
Suppose -8*i + 555 = -3*i + 5*b, 5*i - 528 = 4*b. What is the units digit of i?
8
Let f(v) = v**3 - 2*v**2 - 2*v - 4. Let b be f(3). Let p(n) = 12*n**2 - 2*n - 1. What is the units digit of p(b)?
3
Let c = 10 - 6. Let w be (c/6)/(4/(-6)). Let j = w + 4. What is the units digit of j?
3
Let x = 8 - -4. Let o = x + -9. What is the units digit of o?
3
What is the tens digit of 4/18 + 1986/54?
3
Let j be 3 + 14 + (-2 - 0). Suppose -3*v = n - 14 - j, n = -5*v + 49. What is the units digit of v?
0
Let q be (-4)/8 - 7/(-2). Suppose -2*b = -z - 8, -q*z - 17 = -b + 2*b. What is the units digit of (-2)/3*z - -1?
5
Suppose q - 5 - 4 = 3*t, -2*q - 5*t - 4 = 0. Suppose 3*p = -4*d + 20, -q*p - 6 = -4*p - d. Suppose -p*a + 2*a = -18. What is the units digit of a?
9
Let y(v) = -v**2 - 13*v + 4. What is the tens digit of y(-9)?
4
Let l be (-16)/(-5)*(0 + 5). Suppose 2*q - s = -l, -s = -4*q + q - 22. Let h = q + 13. What is the units digit of h?
7
Let r be 93/2 - (-2)/4. What is the tens digit of r/5 - 3/(-5)?
1
Let k(s) = s**3 + 6*s**2 - 10*s + 12. What is the units digit of k(-7)?
3
What is the tens digit of 3415/17 + (-2)/68*-4?
0
What is the units digit of 284/18 - (-12)/54?
6
Suppose 3*b - 24 = -b. Let m = b + -11. What is the units digit of m/(10/(-4)) + 0?
2
Let k be (-34)/8 - 2/(-8). Let i = k + 7. Suppose -i - 1 = -l. What is the units digit of l?
4
Suppose -4*u + 3*d + 953 = 278, 173 = u - 5*d. Suppose -k = 4*j - 42, 3*k - u = -k - j. What is the units digit of k?
2
Let x(s) = -2*s**2 + 6*s**2 + s**3 + 4*s**2 + s - s**2 + 1. What is the units digit of x(-6)?
1
Suppose 4*s = f + 1, 39 = 2*f + f + 2*s. Let c = f - 16. Let y = c + 11. What is the units digit of y?
6
Suppose -u + 5 = 2*w, -2*u = -2*w - 2*w - 2. Suppose 0*s + 3*s - 216 = 0. Suppose -h + s = u*h. What is the units digit of h?
8
Suppose 3*y - 2*y = 2. Let q(p) = 2*p**2 + 145 - 145. What is the units digit of q(y)?
8
Let r be (1/(-2))/(3/(-174)). Suppose r = 3*j - 4*c, j - 4*j - 16 = 5*c. What is the units digit of j?
3
Let v(h) = -h**2 + 3*h + 4. Let i be v(3). Suppose 2 = 4*w - 2. Let q = w + i. What is the units digit of q?
5
Let k = 45 - 32. What is the units digit of k?
3
Let h(x) = -x**3 + x**2 - 1. Let z be h(0). What is the units digit of (z*21)/(-3) + -2?
5
Suppose 0 = -5*h - 4*i + 54, 5*h - 13 = 4*h - 3*i. What is the tens digit of h?
1
Suppose 0 = -2*m - 3*m - 10. What is the tens digit of 130/15*(-3)/m?
1
Suppose -10*u = -345 - 295. What is the units digit of u?
4
Let f(n) = n**2 - 4. Let z(k) = k**2 - 6*k + 8. Let c be z(6). Suppose c = -j + 3*j. What is the tens digit of f(j)?
1
Suppose x = -2*x + 33. Let o = x + -6. Let m(h) = h**2 - 4*h - 4. What is the units digit of m(o)?
1
Let n be 2/6 + 87/9. What is the tens digit of 1662/30 + (-4)/n?
5
Let w = 10 - 6. Suppose -w + 0 = -2*i. Suppose -16 = -i*n - 0. What is the units digit of n?
8
Let h(k) = -2 + 2*k + 0*k - 1 + k. What is the tens digit of h(5)?
1
Suppose -2*n + 1 = -3. Suppose 0*g - 18 = -3*g. Suppose 2 = m, -n*w = -g*w - 5*m + 42. What is the units digit of w?
8
Let w(f) = f**3 + 3*f**2 + f + 3. Let p be w(-3). Suppose p = 3*k + 2*q - 11 - 35, 3*k - 66 = 3*q. What is the units digit of k?
8
Suppose 0 = 4*i - 3*p - 50, -39 = -3*i - 0*i + 3*p. What is the units digit of i?
1
Suppose 0 = 5*s + 2*z + z - 664, -5*s + 4*z = -643. What is the tens digit of s?
3
Let d(p) = -p**2 + 12*p + 40. Let f be d(14). Let i(v) = -v - 1. Let s be i(-4). Let o = f + s. What is the tens digit of o?
1
Let z(w) = w - 1. Let i be z(6). Suppose -b - 4 = -10. Suppose -c - 21 = -i*a, -4*c = -a + b*a - 41. What is the units digit of a?
5
What is the tens digit of 5 - 96/20 - (-229)/5?
4
Let a(f) = -2*f + 16. Let b be a(7). Suppose 4*s + 0*s = 0, 2 = 2*l - 4*s. Suppose b*j - 23 - l = 0. What is the units digit of j?
2
Suppose -192 = -3*d - 2*m, -d + 0*d = 4*m - 64. Suppose -2*v - d = -4*v. What is the tens digit of v?
3
Suppose 4*n - 1 = 27. Let o(a) = 2*a - 5. What is the units digit of o(n)?
9
Suppose 5*v + 12 + 8 = 0, -d - 5*v + 9 = 0. What is the units digit of d?
9
Suppose -2*c + 4*o = -378, 0*o = -4*c - o + 756. What is the hundreds digit of c?
1
Suppose -14 = -2*m - k - k, 3*m - 5*k = 13. Let g = -3 + m. What is the units digit of g?
3
Let w be ((-1)/2)/((-2)/8). Suppose -w*t = -t - 39. Suppose t = 4*i - i. What is the units digit of i?
3
Suppose -4 - 2 = -2*y. Suppose -3*f + 6*f + 5 = 5*b, y*f + 21 = -3*b. What is the units digit of 6/(-5)*5/b?
3
Let o(n) = -10*n**2 - 3*n + 14*n**2 - 5*n**2 + 1. What is the units digit of o(-2)?
3
Let d(l) = -l**2 + 7*l + 3. Let p be d(6). Let n = p - 0. What is the units digit of n?
9
Suppose -4*n + 32 = -3*r, 32 = -n + 5*n + 3*r. Let i = -8 + n. Suppose -12 = -i*a - a. What is the units digit of a?
2
Let w be (23/3 + 0)*3. Let r = w + -13. What is the units digit of r?
0
Suppose 4*x + 8 = 3*m - 5, -2*m - 6 = x. Let j = -34 + 24. What is the units digit of (m - -3) + -1 - j?
1
Let k(g) = 3*g - 3. Let o be k(2). Let w be ((-1)/(-2) - 1)*-2. What is the units digit of w/1*1*o?
3
Let i(d) = d**2 - 8*d + 6. What is the units digit of i(9)?
5
Let k = -6 + 10. Suppose k*x = 0, 0*b + 8 = 4*b + 2*x. Suppose 0 = b*y - l - 5, -4*l + 15 = -y - 0. What is the units digit of y?
5
Suppose -3*x + p + 395 = 5*p, -2*x = -2*p - 240. What is the hundreds digit of x?
1
Let w(x) = -x**3 + x**2. Let l be w(1). Suppose -3*n = -o - 17 - 7, -2*n - 4*o + 30 = l. What is the units digit of n?
9
Suppose 3*z + b - 156 = 3*b, 52 = z + 2*b. Suppose -4*a = -2*a - z. What is the units digit of a?
6
Suppose b + 3 = 4*b. Let n be 8/44 + 485/55. What is the units digit of (-4 + b)/(n/(-6))?
2
Let z be 2/(-7) - (